6?
44
What is the remainder when 201 is divided by 94?
13
Calculate the remainder when 792 is divided by 750.
42
What is the remainder when 774 is divided by 232?
78
Calculate the remainder when 141 is divided by 8.
5
What is the remainder when 1850 is divided by 103?
99
What is the remainder when 49 is divided by 9?
4
Calculate the remainder when 501 is divided by 46.
41
What is the remainder when 420 is divided by 37?
13
Calculate the remainder when 1456 is divided by 340.
96
Calculate the remainder when 294 is divided by 139.
16
What is the remainder when 491 is divided by 100?
91
What is the remainder when 16467 is divided by 358?
357
Calculate the remainder when 2613 is divided by 649.
17
What is the remainder when 2610 is divided by 13?
10
Calculate the remainder when 117 is divided by 25.
17
What is the remainder when 4045 is divided by 10?
5
What is the remainder when 1229 is divided by 93?
20
What is the remainder when 1156 is divided by 285?
16
Calculate the remainder when 692 is divided by 17.
12
What is the remainder when 419 is divided by 55?
34
Calculate the remainder when 1200 is divided by 76.
60
What is the remainder when 192 is divided by 39?
36
What is the remainder when 358 is divided by 26?
20
Calculate the remainder when 308 is divided by 150.
8
Calculate the remainder when 2996 is divided by 100.
96
Calculate the remainder when 21 is divided by 14.
7
Calculate the remainder when 3569 is divided by 210.
209
What is the remainder when 2433 is divided by 29?
26
What is the remainder when 363 is divided by 14?
13
What is the remainder when 321 is divided by 27?
24
What is the remainder when 931 is divided by 240?
211
What is the remainder when 3292 is divided by 3?
1
Calculate the remainder when 13772 is divided by 95.
92
Calculate the remainder when 684 is divided by 22.
2
What is the remainder when 278 is divided by 47?
43
Calculate the remainder when 1611 is divided by 95.
91
Calculate the remainder when 527 is divided by 33.
32
What is the remainder when 8734 is divided by 208?
206
Calculate the remainder when 66 is divided by 22.
0
Calculate the remainder when 237 is divided by 24.
21
Calculate the remainder when 2111 is divided by 111.
2
What is the remainder when 174 is divided by 32?
14
Calculate the remainder when 92 is divided by 48.
44
Calculate the remainder when 201 is divided by 58.
27
What is the remainder when 1455 is divided by 52?
51
What is the remainder when 312 is divided by 30?
12
Calculate the remainder when 4203 is divided by 69.
63
What is the remainder when 395 is divided by 22?
21
What is the remainder when 61 is divided by 31?
30
Calculate the remainder when 657 is divided by 49.
20
What is the remainder when 762 is divided by 188?
10
Calculate the remainder when 97 is divided by 10.
7
Calculate the remainder when 1914 is divided by 948.
18
Calculate the remainder when 654 is divided by 23.
10
What is the remainder when 1422 is divided by 15?
12
What is the remainder when 214 is divided by 73?
68
What is the remainder when 3772 is divided by 344?
332
What is the remainder when 2659 is divided by 38?
37
Calculate the remainder when 1673 is divided by 51.
41
Calculate the remainder when 2713 is divided by 160.
153
Calculate the remainder when 1554 is divided by 515.
9
What is the remainder when 30559 is divided by 10?
9
Calculate the remainder when 157 is divided by 20.
17
What is the remainder when 850 is divided by 108?
94
Calculate the remainder when 240 is divided by 221.
19
What is the remainder when 1910 is divided by 382?
0
What is the remainder when 296 is divided by 45?
26
What is the remainder when 229 is divided by 29?
26
What is the remainder when 4755 is divided by 34?
29
Calculate the remainder when 52 is divided by 21.
10
Calculate the remainder when 106 is divided by 52.
2
Calculate the remainder when 153 is divided by 7.
6
What is the remainder when 1964 is divided by 217?
11
Calculate the remainder when 107 is divided by 16.
11
What is the remainder when 694 is divided by 115?
4
Calculate the remainder when 2565 is divided by 10.
5
What is the remainder when 1330 is divided by 6?
4
Calculate the remainder when 127 is divided by 49.
29
Calculate the remainder when 200 is divided by 47.
12
What is the remainder when 318 is divided by 85?
63
Calculate the remainder when 423 is divided by 89.
67
What is the remainder when 220 is divided by 16?
12
What is the remainder when 6432 is divided by 280?
272
What is the remainder when 1298 is divided by 352?
242
Calculate the remainder when 527 is divided by 41.
35
Calculate the remainder when 157 is divided by 16.
13
What is the remainder when 74 is divided by 60?
14
What is the remainder when 298 is divided by 43?
40
What is the remainder when 59 is divided by 15?
14
What is the remainder when 345 is divided by 16?
9
Calculate the remainder when 129 is divided by 26.
25
What is the remainder when 19498 is divided by 15?
13
What is the remainder when 222 is divided by 20?
2
Calculate the remainder when 758 is divided by 55.
43
Calculate the remainder when 125 is divided by 9.
8
What is the remainder when 179 is divided by 170?
9
What is the remainder when 14 is divided by 5?
4
What is the remainder when 244 is divided by 76?
16
Calculate the remainder when 315 is divided by 107.
101
What is the remainder when 1055 is divided by 570?
485
Calculate the remainder when 4896 is divided by 158.
156
What is the remainder when 746 is divided by 34?
32
Calculate the remainder when 1982 is divided by 110.
2
What is the remainder when 4777 is divided by 2375?
27
Calculate the remainder when 54 is divided by 20.
14
What is the remainder when 132 is divided by 56?
20
What is the remainder when 21084 is divided by 79?
70
Calculate the remainder when 524 is divided by 254.
16
What is the remainder when 220 is divided by 49?
24
Calculate the remainder when 479 is divided by 69.
65
Calculate the remainder when 154 is divided by 24.
10
What is the remainder when 721 is divided by 121?
116
What is the remainder when 708 is divided by 103?
90
What is the remainder when 104 is divided by 18?
14
Calculate the remainder when 388 is divided by 130.
128
Calculate the remainder when 14 is divided by 11.
3
Calculate the remainder when 3637 is divided by 13.
10
What is the remainder when 4746 is divided by 99?
93
What is the remainder when 291 is divided by 14?
11
What is the remainder when 1353 is divided by 6?
3
What is the remainder when 755 is divided by 373?
9
Calculate the remainder when 188 is divided by 107.
81
What is the remainder when 227 is divided by 19?
18
What is the remainder when 42 is divided by 24?
18
What is the remainder when 70 is divided by 51?
19
Calculate the remainder when 1017 is divided by 205.
197
Calculate the remainder when 2306 is divided by 7.
3
What is the remainder when 354 is divided by 60?
54
What is the remainder when 948 is divided by 195?
168
What is the remainder when 596 is divided by 26?
24
Calculate the remainder when 855 is divided by 272.
39
What is the remainder when 4522 is divided by 52?
50
What is the remainder when 2654 is divided by 95?
89
Calculate the remainder when 161 is divided by 147.
14
What is the remainder when 338 is divided by 61?
33
What is the remainder when 4990 is divided by 32?
30
What is the remainder when 945 is divided by 117?
9
What is the remainder when 181 is divided by 62?
57
What is the remainder when 314 is divided by 18?
8
Calculate the remainder when 456 is divided by 147.
15
What is the remainder when 426 is divided by 142?
0
Calculate the remainder when 2578 is divided by 29.
26
What is the remainder when 109 is divided by 31?
16
What is the remainder when 557 is divided by 42?
11
What is the remainder when 194 is divided by 85?
24
What is the remainder when 245 is divided by 107?
31
Calculate the remainder when 6979 is divided by 5.
4
What is the remainder when 188 is divided by 185?
3
Calculate the remainder when 335 is divided by 31.
25
What is the remainder when 125 is divided by 27?
17
Calculate the remainder when 215 is divided by 51.
11
Calculate the remainder when 131 is divided by 19.
17
What is the remainder when 5659 is divided by 96?
91
What is the remainder when 428 is div